+ 18*b = 30. Suppose -l + 2 = 0, b*l = -2*p + 497 + 1559. List the prime factors of p.
3, 11, 31
Suppose 110*c - 108*c - 6606 = 0. What are the prime factors of c?
3, 367
Let g(b) = -35*b**2 - 17*b - 1. Let f be g(-1). Let n(h) = 2*h**2 + 17*h + 79. List the prime factors of n(f).
2, 239
Suppose 7*z - 179649 = 43210. List the prime factors of z.
13, 31, 79
Let y(v) = 658*v + 1552. What are the prime factors of y(9)?
2, 37, 101
Suppose -4*x - 4*s + 25607 = -3*x, 0 = -5*s - 15. What are the prime factors of x?
11, 17, 137
Let x = -2158 + 15706. What are the prime factors of x?
2, 3, 1129
Let q be (-3)/5 + 1224/40. Let w = 33 - q. Let r(v) = 8*v + 7. What are the prime factors of r(w)?
31
Let y(t) = t**2 - 15*t - 37. Let i(p) = -p + 41. Let n be i(17). Let u be n + -3*(-4)/12*0. What are the prime factors of y(u)?
179
Suppose -4*h = -0*h - 2*d + 20, 2*h - 3*d + 6 = 0. Let x(k) = -2*k + 18. Let v be x(h). Let o = v - 1. List the prime factors of o.
29
Let s(t) = -16*t - 51. Suppose 5*j - 13 = -2*d - 6, -5*j + 52 = -3*d. What are the prime factors of s(d)?
3, 31
Suppose 9*g = -2234 + 9883 + 9478. What are the prime factors of g?
11, 173
Let b be 348 + (-15 - -10)*(-9)/15. Let y = b + 307. What are the prime factors of y?
2, 7, 47
Suppose 186710 = 26*i - 723186. What are the prime factors of i?
2, 13, 673
Let f(q) = q**2 + 4*q + 7. Let s be f(-5). Let i = 15 - s. Suppose -2*l + 138 = 5*v, -i*l + 32 = v + 7. List the prime factors of v.
2, 7
Let j = 621 + -281. Let h = j + 372. Let v = h + -453. List the prime factors of v.
7, 37
Let p(y) = y**3 + 6*y**2 + 4*y - 7. Let a(q) = -q**2 - 2*q + 5. Let b be a(0). Suppose 0 = -b*h + 10*h + 20. List the prime factors of p(h).
3
Let w(a) = -2*a**3 + 9*a**2 + 20*a + 13. Let o(f) = 8*f**3 - 36*f**2 - 82*f - 53. Let g(p) = 2*o(p) + 9*w(p). What are the prime factors of g(-6)?
11, 61
Let w(g) = -g**3 + 4*g**2 + 10*g - 7. Suppose -2*j - 3 + 7 = h, -j = 4*h + 19. What are the prime factors of w(h)?
293
Let p = -13 + 17. Suppose 0 = -5*o - p*j + 19 + 23, 0 = 4*o - 5*j - 9. What are the prime factors of 2/2 - o/((-18)/201)?
2, 17
Let u(q) = 34*q - 58. Let b be u(-6). Let j = 148 - b. Let f = 674 - j. List the prime factors of f.
2, 3, 11
Let i = 26185 + -18139. Suppose 12*z = 18*z - i. What are the prime factors of z?
3, 149
Suppose 2*m - 3*p = 4*m + 7, -m + 19 = -3*p. Let q be m*1/8*4. Suppose q*s - 21 = 3. List the prime factors of s.
2, 3
Suppose 0 = 1201*b - 1224*b + 226619. List the prime factors of b.
59, 167
Let u(o) = -2*o + 13. Let z be u(-7). Suppose z - 27 = -g. Suppose 3*r = -g*r + 309. What are the prime factors of r?
103
Let l = 760 + 119. Let v be (-5 + 6)/(3/l). Let r = v + -178. List the prime factors of r.
5, 23
List the prime factors of (-3525)/175*(10 + -633).
3, 47, 89
Suppose -5*x = 2*u - 15, 2*u = -0*u + 5*x - 15. Suppose -10*i + 1023 = 13*i - 12*i. Suppose 2*m - 6 + 12 = u, -2*n = -5*m - i. List the prime factors of n.
3, 13
What are the prime factors of (-8 - -9 - -134)*18?
2, 3, 5
Let i be 3/((-5)/4 + 2). Suppose -2*k + 0*k - i = 2*v, 2*k + 5*v + 10 = 0. Suppose -7*b + 12*b - 305 = k. What are the prime factors of b?
61
Let u(c) be the second derivative of -c**4/12 - 25*c**3/6 + 3*c**2 + 16*c. Let i be (52/(-6))/(6/9). What are the prime factors of u(i)?
2, 3
What are the prime factors of (-16856)/(4/(-1)) + (48 - 56)?
2, 3, 701
Suppose 4*l + 18*l + 22 = 0. What are the prime factors of (-316 + -5)/(l + (0 - 2))?
107
Let r(s) = 8405*s + 786. List the prime factors of r(8).
2, 7, 43, 113
Suppose 0 = v - 2*s - 14886, 5*v - 13*s = -16*s + 74404. List the prime factors of v.
2, 7, 1063
Suppose -4*k + 7 = 3*a - 2*k, 3*a - 2*k - 23 = 0. Suppose 2*b - 702 = 5*m - 9*m, 4*b - 876 = -a*m. List the prime factors of m.
2, 11
Let c(g) = 7*g**3 + 2*g**2 - 3*g + 2. Let y be c(1). Suppose y*d - 27 + 3 = 0. What are the prime factors of d?
3
Suppose 4*d + 31 = -3*u + 8*u, -4*u + d + 16 = 0. Suppose 0 = -5*n - 3*a + 1887, -4*n + 377 = -u*n + a. List the prime factors of n.
2, 3, 7
Let c be 7/3*5/(10/(-36)). What are the prime factors of (-5 + c/(-9))/((-3)/1413)?
157
Let n(k) = 65*k + 32. Let h be n(-7). List the prime factors of 2/3*(-57)/38 - h.
2, 211
Let t(n) = -20 + 0*n**3 + 4*n**2 + 13 + 12*n**3. What are the prime factors of t(3)?
353
Let k(t) = t**3 - 5*t**2 + 10*t + 3. Let y(i) = i - 1. Let z(w) = -k(w) + 2*y(w). What are the prime factors of z(-5)?
3, 5, 19
Suppose -l + 8*d + 10320 = 11*d, 4*l = -5*d + 41301. List the prime factors of l.
3, 11, 313
Let m(r) = -2*r**2 + 2*r. Suppose 9*o = -8 + 26. Let k be m(o). What are the prime factors of 273/5 - k/10?
5, 11
Let m be (-6 - (0 + 3 + -4))/(-1). Suppose 5*c = c - 3*g + 831, m*g = 5. Suppose c = 7*s - 654. What are the prime factors of s?
3, 41
Let r(i) = -1380*i + 1346. What are the prime factors of r(-17)?
2, 79, 157
What are the prime factors of 12/126 - 1086784/(-84) - (0 + -7)?
3, 5, 863
Let v = 94 - 74. Suppose v*q = 27*q - 4844. What are the prime factors of q?
2, 173
Let d(h) = 45*h**3 - 14*h**2 + 43*h + 10. List the prime factors of d(6).
2, 2371
Suppose 301 + 26 = 3*w. Suppose 0 = 4*m + 3*l - 20, -m + 5*m + 4 = 3*l. Let y = m + w. What are the prime factors of y?
3, 37
Suppose 0 = 5*t - 13*t - 224. List the prime factors of (-3130)/(-15) + t/(-21).
2, 3, 5, 7
Let a(y) = y**3 + 3*y**2 + 10*y + 9. Let k be a(-4). What are the prime factors of ((83/2)/1)/(k/(-282))?
3, 83
Suppose -12*q = -34*q. Suppose q = -2*f - 4*g + 680 - 262, 1105 = 5*f - 5*g. What are the prime factors of f?
7, 31
Let j(m) = -m**3 + 5*m**2 - 3*m - 7. Let v be j(4). Let b be (-3)/(v/(-5))*(22 + -21). List the prime factors of 3/(-15)*-2 - 203/b.
41
Let k = -26 + -65. Let r(f) = 2*f**3 - 7*f**2 + 3*f - 37. Let q be r(6). Let p = q + k. What are the prime factors of p?
2, 5, 7
Let q be ((-2)/5)/(((-10)/(-2))/(-1775)). Let b = 209 - q. List the prime factors of b.
67
Let z be 126/(-9)*24/(-14). Suppose 0 = s - r + 3*r - 1, 0 = -4*s + 2*r + z. Suppose 0 = 4*d + s*a - 680, 4*d - a - 100 = 604. What are the prime factors of d?
5, 7
Let h = -56 + 67. Let a = -9 + h. Suppose a*s - 52 = -2*l, -3*l + 2*s + 110 = -3*s. What are the prime factors of l?
2, 3, 5
Suppose -2053 = -s + 4*z, -2*s - 36*z + 34*z = -4076. What are the prime factors of s?
13, 157
Suppose 0*w = 2*u - 3*w - 14, 0 = 5*u + 2*w + 3. List the prime factors of (-5)/((-5)/u)*-1 + 382.
3, 127
Let v = 621 - 617. Suppose 2*f - 5*q - 793 = 0, v*f + 49*q = 52*q + 1551. What are the prime factors of f?
2, 3
Suppose -44*h + 142130 = 19502. What are the prime factors of h?
3, 929
Suppose 4*y - 3*m + 94 = 0, -7*m + 3*m + 74 = -3*y. Let t = 57 + y. What are the prime factors of 9/(9/(-4)) + 7*t?
241
Suppose 276435 = 5*k + g, 0 = -5*k + 210*g - 213*g + 276425. List the prime factors of k.
2, 6911
List the prime factors of (3/(-21)*-7)/(6/(64828 + 2)).
5, 2161
Let v(l) = 89*l**3 + 6*l**2 - 83*l + 62. What are the prime factors of v(7)?
2, 109, 139
Let t = 41 + -35. Suppose i - 1124 = t*i - 3*m, -2*i = -5*m + 442. Let d = -146 - i. List the prime factors of d.
2, 5
Let q(a) = a**3 + 17*a**2 + 20*a + 27. Suppose 0 = -3*m + 2*f - 38, 2*m + 5*f = -0*m - 19. What are the prime factors of q(m)?
3, 13
Let x(i) = -i**3 - 14*i**2 - 37*i - 18. Let a be x(-15). What are the prime factors of 44/154*(1 + a)?
2, 109
Let f(i) = i**3 + 5*i**2 - 2*i. Let j be f(-5). What are the prime factors of j/(-5) + 885/5?
5, 7
Let z(q) = 19*q + 39. Suppose 2*u = 10 + 20. Let w be z(u). Suppose 0 = -4*r + w - 48. List the prime factors of r.
3, 23
Suppose 5*y + 15 = 2*j, -2*j + 3*y + 23 = 2*j. Suppose -j*t - 2111 = 3109. What are the prime factors of (1/2)/((-9)/t)?
2, 29
Suppose -5*c + 1200 = 2*r, 3*r = 2*c - 385 - 95. Let a = c + -149. What are the prime factors of a?
7, 13
Suppose 53*w - 524910 + 1965739 = 190*w. What are the prime factors of w?
13, 809
Let t = 47 - 209. Let h = -292 - t. Let g = h - -333. What are the prime factors of g?
7, 29
Let q be 126/(-84)*20/6. Let t(j) = -36*j - 25. List the prime factors of t(q).
5, 31
Let n(l) = 2042*l**2 - 40*l + 76. What are the prime factors of n(3)?
2, 89, 103
Let k(b) = 269*b + 1045. What are the prime factors of k(8)?
23, 139
Let h = 11 - 7. Suppose -6*d + 5*z = -d - 810, -3*z = -h*d + 649. What are th